remainder when 56399 is divided by 56375?
24
What is the remainder when 6491 is divided by 47?
5
Calculate the remainder when 4889 is divided by 474.
149
What is the remainder when 13142 is divided by 55?
52
Calculate the remainder when 107229 is divided by 61.
52
Calculate the remainder when 1874 is divided by 144.
2
Calculate the remainder when 16775 is divided by 2096.
7
What is the remainder when 47378 is divided by 11794?
202
What is the remainder when 1180 is divided by 18?
10
Calculate the remainder when 1734 is divided by 145.
139
Calculate the remainder when 909 is divided by 19.
16
What is the remainder when 454003 is divided by 81?
79
What is the remainder when 278 is divided by 90?
8
Calculate the remainder when 872 is divided by 212.
24
Calculate the remainder when 844160 is divided by 93792.
32
Calculate the remainder when 112478 is divided by 37.
35
Calculate the remainder when 7576 is divided by 3771.
34
What is the remainder when 5084 is divided by 44?
24
What is the remainder when 1139 is divided by 789?
350
Calculate the remainder when 3686 is divided by 945.
851
What is the remainder when 2608837 is divided by 8?
5
Calculate the remainder when 469472 is divided by 324.
320
Calculate the remainder when 1589 is divided by 12.
5
What is the remainder when 55104 is divided by 27552?
0
What is the remainder when 13416 is divided by 56?
32
Calculate the remainder when 260519 is divided by 24.
23
What is the remainder when 487329 is divided by 34?
7
Calculate the remainder when 7814 is divided by 407.
81
Calculate the remainder when 180822 is divided by 105.
12
What is the remainder when 59690 is divided by 19?
11
Calculate the remainder when 1037518 is divided by 144.
142
What is the remainder when 212147 is divided by 498?
497
What is the remainder when 25786 is divided by 8561?
103
Calculate the remainder when 20675 is divided by 376.
371
What is the remainder when 982578 is divided by 73?
71
Calculate the remainder when 17900 is divided by 3576.
20
Calculate the remainder when 125759 is divided by 125751.
8
Calculate the remainder when 240088 is divided by 3.
1
Calculate the remainder when 680767 is divided by 10.
7
What is the remainder when 76168 is divided by 5854?
66
Calculate the remainder when 2578 is divided by 36.
22
Calculate the remainder when 38440 is divided by 19202.
36
Calculate the remainder when 9285 is divided by 4621.
43
Calculate the remainder when 6467 is divided by 1544.
291
Calculate the remainder when 32689 is divided by 44.
41
What is the remainder when 80280 is divided by 20062?
32
Calculate the remainder when 52523 is divided by 11.
9
What is the remainder when 198541 is divided by 77?
35
Calculate the remainder when 254897 is divided by 134.
29
Calculate the remainder when 793 is divided by 358.
77
Calculate the remainder when 72383 is divided by 9.
5
What is the remainder when 5530 is divided by 1837?
19
Calculate the remainder when 26091 is divided by 3.
0
What is the remainder when 3655089 is divided by 1113?
1110
What is the remainder when 2353 is divided by 898?
557
Calculate the remainder when 4402 is divided by 208.
34
Calculate the remainder when 365543 is divided by 121845.
8
Calculate the remainder when 5126 is divided by 4873.
253
Calculate the remainder when 388389 is divided by 27.
21
Calculate the remainder when 68920 is divided by 7.
5
What is the remainder when 242499 is divided by 101?
99
What is the remainder when 1176 is divided by 212?
116
Calculate the remainder when 33448 is divided by 11.
8
What is the remainder when 268921 is divided by 382?
375
What is the remainder when 4732 is divided by 472?
12
What is the remainder when 127985 is divided by 166?
165
What is the remainder when 425 is divided by 277?
148
Calculate the remainder when 71341 is divided by 28.
25
What is the remainder when 117774 is divided by 433?
431
What is the remainder when 44356 is divided by 11069?
80
Calculate the remainder when 10436 is divided by 100.
36
Calculate the remainder when 212516 is divided by 268.
260
Calculate the remainder when 16918 is divided by 2819.
4
Calculate the remainder when 1209 is divided by 427.
355
Calculate the remainder when 271587 is divided by 16974.
3
What is the remainder when 1012 is divided by 724?
288
What is the remainder when 31957 is divided by 188?
185
Calculate the remainder when 4340 is divided by 1083.
8
Calculate the remainder when 181301 is divided by 438.
407
Calculate the remainder when 2335 is divided by 1122.
91
What is the remainder when 11002 is divided by 5343?
316
Calculate the remainder when 89339 is divided by 682.
679
Calculate the remainder when 158993 is divided by 363.
362
What is the remainder when 6539 is divided by 6?
5
What is the remainder when 21014 is divided by 202?
6
What is the remainder when 36429 is divided by 25?
4
Calculate the remainder when 1214 is divided by 128.
62
What is the remainder when 2743 is divided by 891?
70
What is the remainder when 8242 is divided by 1645?
17
What is the remainder when 7904 is divided by 176?
160
What is the remainder when 5093 is divided by 169?
23
Calculate the remainder when 62198 is divided by 1727.
26
Calculate the remainder when 11032 is divided by 31.
27
What is the remainder when 14311 is divided by 7150?
11
Calculate the remainder when 1443 is divided by 564.
315
Calculate the remainder when 946 is divided by 43.
0
What is the remainder when 1699 is divided by 772?
155
What is the remainder when 104322 is divided by 22?
20
Calculate the remainder when 24793 is divided by 145.
143
Calculate the remainder when 3176398 is divided by 48.
46
What is the remainder when 7991 is divided by 26?
9
Calculate the remainder when 9480639 is divided by 172.
171
What is the remainder when 5387 is divided by 116?
51
What is the remainder when 8535 is divided by 48?
39
Calculate the remainder when 29665 is divided by 121.
20
What is the remainder when 62164 is divided by 20713?
25
What is the remainder when 11433 is divided by 2377?
1925
What is the remainder when 1642 is divided by 123?
43
Calculate the remainder when 997725 is divided by 912.
909
Calculate the remainder when 308688 is divided by 77171.
4
What is the remainder when 4908 is divided by 377?
7
What is the remainder when 11193 is divided by 2755?
173
Calculate the remainder when 4096 is divided by 24.
16
Calculate the remainder when 3843 is divided by 383.
13
What is the remainder when 731 is divided by 48?
11
What is the remainder when 1900 is divided by 376?
20
What is the remainder when 15564 is divided by 679?
626
Calculate the remainder when 14968 is divided by 378.
226
Calculate the remainder when 32713 is divided by 16290.
133
What is the remainder when 79902 is divided by 97?
71
What is the remainder when 14695 is divided by 147?
142
What is the remainder when 58941 is divided by 19623?
72
What is the remainder when 2532 is divided by 496?
52
Calculate the remainder when 12159 is divided by 6074.
11
Calculate the remainder when 1455 is divided by 754.
701
Calculate the remainder when 3954 is divided by 1972.
10
Calculate the remainder when 13343 is divided by 28.
15
Calculate the remainder when 5571 is divided by 1095.
96
What is the remainder when 27934 is divided by 13960?
14
Calculate the remainder when 2193 is divided by 464.
337
Calculate the remainder when 9176 is divided by 793.
453
Calculate the remainder when 2139748 is divided by 450.
448
Calculate the remainder when 6408 is divided by 709.
27
What is the remainder when 25386 is divided by 773?
650
What is the remainder when 507409 is divided by 9?
7
What is the remainder when 2112 is divided by 409?
67
Calculate the remainder when 88473 is divided by 73.
70
Calculate the remainder when 7166 is divided by 3297.
572
What is the remainder when 64546 is divided by 50?
46
Calculate the remainder when 394 is divided by 377.
17
Calculate the remainder when 25090 is divided by 8354.
28
What is the remainder when 58344 is divided by 83?
78
What is the remainder when 12205 is divided by 12136?
69
Calculate the remainder when 1133572 is divided by 717.
712
Calculate the remainder when 290696 is divided by 765.
761
Calculate the remainder when 67036 is divided by 22339.
19
Calcula